mon divisor of 120 and 43480.
40
What is the highest common factor of 496 and 71858?
62
Calculate the highest common factor of 864 and 57944.
8
What is the highest common factor of 205265 and 305?
305
What is the highest common divisor of 90 and 740490?
30
Calculate the greatest common factor of 29 and 270.
1
What is the greatest common factor of 13860 and 5472?
36
Calculate the greatest common factor of 544 and 12288.
32
Calculate the highest common factor of 707835 and 15.
15
What is the greatest common divisor of 1815 and 559746?
363
What is the highest common factor of 11260 and 1515?
5
What is the highest common factor of 22728 and 168?
24
What is the greatest common divisor of 28635 and 1012?
23
What is the highest common divisor of 296 and 60532?
148
Calculate the highest common divisor of 865058 and 1062.
118
Calculate the highest common factor of 6582 and 6.
6
Calculate the highest common factor of 20 and 24772.
4
Calculate the greatest common factor of 665 and 7885.
95
What is the greatest common divisor of 77 and 45727?
11
Calculate the greatest common factor of 203835 and 22791.
321
Calculate the highest common factor of 248496 and 11532.
372
Calculate the highest common divisor of 73253 and 40579.
527
What is the greatest common factor of 117298 and 5260?
526
What is the highest common factor of 1164 and 1200084?
1164
What is the greatest common divisor of 259104 and 96?
96
What is the highest common divisor of 68385 and 2100?
15
Calculate the greatest common factor of 57510 and 180.
90
Calculate the highest common divisor of 36 and 40266.
18
Calculate the highest common factor of 72 and 277320.
24
Calculate the greatest common factor of 1206 and 207.
9
Calculate the greatest common divisor of 60572 and 836.
76
Calculate the greatest common factor of 2757 and 21.
3
Calculate the highest common divisor of 130264 and 7486.
38
What is the greatest common factor of 2602028 and 22?
22
Calculate the greatest common divisor of 636365 and 2787.
929
What is the highest common factor of 184 and 1424804?
92
Calculate the highest common factor of 448 and 16604.
28
Calculate the greatest common factor of 1416 and 100595.
59
What is the greatest common divisor of 12 and 465612?
12
Calculate the greatest common divisor of 680 and 74210.
10
What is the greatest common factor of 5525 and 1820?
65
Calculate the highest common divisor of 76792 and 203.
29
What is the greatest common factor of 6293 and 8729?
203
What is the highest common divisor of 17141 and 452129?
281
What is the highest common divisor of 6468 and 9427?
11
What is the greatest common divisor of 350 and 500?
50
What is the greatest common factor of 40541 and 1846?
71
What is the highest common divisor of 1036 and 5178964?
1036
Calculate the highest common factor of 15 and 3445.
5
Calculate the greatest common factor of 61814 and 31.
31
Calculate the highest common divisor of 20180 and 220.
20
Calculate the greatest common divisor of 228 and 3819.
57
Calculate the greatest common divisor of 3179 and 9163.
187
Calculate the highest common factor of 29 and 2390209.
29
Calculate the greatest common factor of 64944 and 2296.
328
What is the greatest common divisor of 139 and 5165518?
139
What is the highest common divisor of 5712 and 6564?
12
Calculate the greatest common factor of 316875 and 338.
169
What is the highest common factor of 202250 and 1750?
250
What is the greatest common factor of 36 and 2405691?
9
Calculate the highest common factor of 36777 and 26.
13
What is the highest common divisor of 32070 and 30?
30
What is the highest common divisor of 1249544 and 184?
184
What is the greatest common divisor of 96256 and 94?
94
Calculate the highest common factor of 714 and 18756.
6
Calculate the greatest common factor of 80655 and 190.
95
What is the greatest common divisor of 170 and 35110?
10
What is the highest common divisor of 18668 and 1833?
13
Calculate the greatest common factor of 10329 and 143.
11
What is the highest common factor of 12169 and 2064?
43
Calculate the greatest common divisor of 3708 and 19782.
18
Calculate the highest common divisor of 915586 and 238.
238
What is the greatest common divisor of 581685 and 2223?
741
What is the greatest common factor of 1158 and 18142?
386
Calculate the greatest common divisor of 168432 and 522.
174
Calculate the greatest common divisor of 60 and 75846.
6
Calculate the highest common factor of 3781 and 2983.
19
Calculate the greatest common factor of 220 and 15356.
44
What is the greatest common factor of 276 and 8628?
12
What is the greatest common factor of 12344 and 376?
8
What is the greatest common factor of 7742 and 28?
14
What is the highest common divisor of 247 and 912?
19
Calculate the highest common factor of 110 and 426998.
22
Calculate the highest common factor of 2621962 and 228.
38
What is the greatest common divisor of 7242 and 85?
17
What is the highest common divisor of 12844 and 67944?
76
What is the highest common factor of 2704 and 108?
4
What is the highest common factor of 56 and 631148?
28
Calculate the highest common factor of 9255 and 15.
15
What is the highest common factor of 421092 and 108?
108
Calculate the highest common divisor of 2 and 10787.
1
What is the greatest common divisor of 91086 and 705?
141
What is the greatest common divisor of 278598 and 6?
6
What is the highest common divisor of 241125 and 135?
15
Calculate the highest common divisor of 232592 and 656.
16
What is the highest common factor of 169 and 20?
1
Calculate the greatest common divisor of 149370 and 156.
78
Calculate the highest common factor of 4475 and 425.
25
What is the highest common factor of 161658 and 126?
126
What is the highest common divisor of 533313 and 198?
99
Calculate the greatest common factor of 25 and 422185.
5
Calculate the greatest common factor of 279 and 174902.
31
What is the highest common factor of 163312 and 16?
16
Calculate the greatest common divisor of 1451619 and 2964.
741
Calculate the highest common divisor of 276 and 318642.
138
Calculate the greatest common divisor of 460 and 10440.
20
Calculate the highest common factor of 459544 and 218.
218
What is the highest common factor of 572 and 292930?
22
What is the highest common divisor of 4 and 256636?
4
What is the highest common factor of 20 and 1011410?
10
Calculate the greatest common factor of 949739 and 782.
391
Calculate the highest common factor of 42 and 2094.
6
Calculate the highest common divisor of 209598 and 4.
2
Calculate the highest common divisor of 3 and 1121772.
3
Calculate the greatest common divisor of 154 and 618926.
154
Calculate the greatest common factor of 105 and 61551.
21
Calculate the greatest common divisor of 63 and 2097.
9
Calculate the greatest common factor of 619 and 1793243.
619
Calculate the greatest common divisor of 152 and 48288.
8
Calculate the highest common factor of 1254 and 399.
57
Calculate the greatest common factor of 1936 and 25894.
242
Calculate the highest common factor of 819333 and 531.
531
Calculate the greatest common divisor of 1800 and 1087400.
200
What is the highest common factor of 16 and 350760?
8
What is the highest common divisor of 45 and 139125?
15
Calculate the greatest common divisor of 7833 and 42.
21
What is the greatest common divisor of 86802 and 483?
69
Calculate the highest common divisor of 1955616 and 384.
96
What is the greatest common divisor of 7189 and 923?
13
Calculate the highest common divisor of 266157 and 342.
9
What is the greatest common factor of 8028 and 83625?
669
What is the greatest common factor of 139324 and 4392?
244
Calculate the greatest common factor of 69201 and 54.
27
What is the greatest common divisor of 294 and 22554?
42
What is the greatest common factor of 38896 and 528?
176
What is the highest common factor of 334 and 324314?
334
What is the greatest common factor of 266 and 622041?
133
What is the highest common divisor of 984438 and 126?
126
What is the highest common factor of 4544 and 84544?
64
Calculate the greatest common factor of 243 and 52938.
9
Calculate the highest common divisor of 1066 and 3614.
26
Calculate the highest common factor of 46 and 6494740.
46
Calculate the greatest common factor of 3127 and 1431.
53
What i